base 15) in base 3?
1
What is 45 (base 7) in base 11?
30
-1144 (base 5) to base 9
-213
What is 4 (base 13) in base 9?
4
What is 2 (base 12) in base 8?
2
366 (base 9) to base 8
457
What is 1 (base 13) in base 14?
1
What is -31 (base 6) in base 8?
-23
100001100 (base 2) to base 8
414
What is -2 (base 6) in base 8?
-2
What is 14 (base 8) in base 5?
22
Convert 4 (base 10) to base 8.
4
What is 1010 (base 2) in base 6?
14
What is 18 (base 12) in base 11?
19
What is -46 (base 11) in base 8?
-62
0 (base 7) to base 15
0
20 (base 9) to base 8
22
Convert 1 (base 13) to base 14.
1
13 (base 15) to base 9
20
What is -16 (base 14) in base 4?
-110
-3 (base 7) to base 15
-3
What is 23 (base 10) in base 15?
18
Convert -5 (base 8) to base 7.
-5
Convert 13 (base 10) to base 9.
14
What is -11 (base 15) in base 9?
-17
Convert 11 (base 14) to base 3.
120
55 (base 7) to base 14
2c
Convert 3 (base 6) to base 4.
3
What is -137 (base 14) in base 15?
-115
What is 2 (base 5) in base 10?
2
-40 (base 6) to base 3
-220
What is -5 (base 12) in base 5?
-10
9 (base 13) to base 10
9
Convert -11000111 (base 2) to base 15.
-d4
31 (base 7) to base 13
19
Convert 1 (base 5) to base 4.
1
-20 (base 14) to base 3
-1001
Convert -249 (base 11) to base 14.
-171
Convert -40 (base 13) to base 2.
-110100
What is 550 (base 8) in base 11?
2a8
41 (base 5) to base 9
23
Convert 0 (base 13) to base 16.
0
10 (base 2) to base 10
2
Convert 25 (base 7) to base 10.
19
Convert 30 (base 14) to base 12.
36
What is -1 (base 14) in base 12?
-1
Convert 222 (base 3) to base 8.
32
-6 (base 16) to base 9
-6
-255 (base 7) to base 11
-116
Convert 2 (base 16) to base 5.
2
Convert 87 (base 11) to base 7.
164
Convert 3 (base 13) to base 10.
3
What is 22 (base 7) in base 14?
12
Convert 1000 (base 5) to base 9.
148
42 (base 9) to base 7
53
What is -2 (base 7) in base 6?
-2
What is 7 (base 11) in base 3?
21
-1 (base 7) to base 6
-1
What is -90 (base 11) in base 16?
-63
-3 (base 9) to base 14
-3
243 (base 5) to base 15
4d
Convert 5 (base 8) to base 2.
101
0 (base 10) to base 15
0
Convert 21 (base 7) to base 12.
13
e (base 16) to base 6
22
What is 7 (base 13) in base 12?
7
-9 (base 15) to base 5
-14
-2 (base 11) to base 10
-2
-127 (base 12) to base 14
-c7
Convert -8 (base 14) to base 11.
-8
Convert -21 (base 10) to base 14.
-17
-11 (base 4) to base 14
-5
5 (base 14) to base 12
5
4 (base 5) to base 4
10
Convert 0 (base 4) to base 16.
0
1 (base 3) to base 4
1
Convert -207 (base 9) to base 11.
-144
What is 3 (base 15) in base 12?
3
Convert 5 (base 15) to base 12.
5
What is 5 (base 15) in base 4?
11
Convert e (base 15) to base 6.
22
Convert -1 (base 16) to base 7.
-1
21 (base 4) to base 16
9
Convert 13 (base 6) to base 10.
9
Convert 4a (base 14) to base 13.
51
Convert -3a (base 12) to base 3.
-1201
Convert 11 (base 2) to base 3.
10
Convert -8 (base 12) to base 16.
-8
3 (base 10) to base 11
3
What is 3 (base 15) in base 14?
3
What is 3 (base 5) in base 15?
3
What is -1311 (base 4) in base 2?
-1110101
What is 4 (base 10) in base 3?
11
What is 2 (base 12) in base 3?
2
Convert -1c4 (base 13) to base 3.
-110012
What is -5 (base 9) in base 7?
-5
What is 3 (base 5) in base 7?
3
Convert 1 (base 8) to base 14.
1
10000 (base 2) to base 9
17
Convert 1 (base 13) to base 15.
1
Convert -2 (base 5) to base 13.
-2
What is -221 (base 4) in base 5?
-131
Convert -5 (base 6) to base 7.
-5
-15 (base 7) to base 6
-20
What is -1010 (base 2) in base 16?
-a
Convert 312 (base 4) to base 8.
66
Convert -10121 (base 3) to base 16.
-61
What is 110011 (base 2) in base 11?
47
Convert 0 (base 9) to base 5.
0
-58 (base 15) to base 8
-123
Convert -123 (base 4) to base 16.
-1b
1211 (base 6) to base 16
127
-8 (base 15) to base 14
-8
What is 150 (base 12) in base 16?
cc
-2110 (base 3) to base 8
-102
What is -20 (base 7) in base 13?
-11
-202 (base 5) to base 16
-34
What is 0 (base 16) in base 3?
0
What is 60 (base 11) in base 9?
73
What is 664 (base 7) in base 12?
244
What is 11100010 (base 2) in base 12?
16a
What is 2 (base 4) in base 10?
2
What is 1 (base 8) in base 9?
1
Convert 4 (base 5) to base 2.
100
4 (base 12) to base 5
4
What is 2 (base 15) in base 12?
2
-35 (base 6) to base 9
-25
What is 2 (base 16) in base 13?
2
-7 (base 12) to base 9
-7
2 (base 7) to base 8
2
Convert 0 (base 15) to base 8.
0
Convert 301 (base 4) to base 3.
1211
What is 43 (base 7) in base 9?
34
Convert -6 (base 11) to base 14.
-6
Convert 3 (base 7) to base 3.
10
-32 (base 16) to base 13
-3b
Convert -122 (base 4) to base 9.
-28
Convert 10100 (base 2) to base 9.
22
What is -6 (base 10) in base 3?
-20
Convert 1 (base 9) to base 2.
1
Convert -2 (base 15) to base 2.
-10
What is 84 (base 13) in base 6?
300
What is 4 (base 8) in base 13?
4
What is b (base 14) in base 9?
12
Convert -71 (base 8) to base 12.
-49
What is 1a (base 11) in base 4?
111
-6 (base 12) to base 16
-6
10011 (base 2) to base 16
13
What is -2111 (base 3) in base 16?
-43
Convert -3 (base 6) to base 15.
-3
Convert 11c (base 15) to base 14.
140
What is c (base 13) in base 2?
1100
-101111001 (base 2) to base 13
-230
Convert -13 (base 11) to base 7.
-20
What is 40 (base 16) in base 3?
2101
What is 5 (base 9) in base 3?
12
What is -5 (base 16) in base 4?
-11
-41 (base 5) to base 14
-17
Convert -5 (base 9) to base 10.
-5
3 (base 5) to base 6
3
What is 4 (base 6) in base 5?
4
-122 (base 3) to base 5
-32
What is -39 (base 12) in base 15?
-30
Convert -80 (base 15) to base 9.
-143
Convert 25 (base 6) to base 4.
101
5 (base 11) to base 14
5
Convert -24 (base 7) to base 11.
-17
-87 (base 12) to base 6
-251
333 (base 4) to base 11
58
What is 1000 (base 2) in base 10?
8
Convert -26 (base 13) to base 2.
-100000
What is -5 (base 15) in base 8?
-5
-1 (base 9) to base 12
-1
What is -57 (base 13) in base 11?
-66
What is 242 (base 7) in base 2?
10000000
What is -5 (base 15) in base 10?
-5
What is 0 (base 6) in base 16?
0
Convert 9 (base 10) to base 5.
14
Convert -1 (base 13) to base 15.
-1
12 (base 9) to base 3
102
13 (base 8) to base 6
15
424 (base 8) to base 5
2101
2 (base 7) to base 5
2
Convert -10 (base 3) to base 13.
-3
Convert 1a (base 11) to base 4.
111
Convert 445 (base 7) to base 3.
22111
-1 (base 5) to base 3
-1
242 (base 6) to base 11
8a
Convert 101 (base 3) to base 11.
a
What is -5 (base 15) in base 3?
-12
Convert e (base 15) to base 11.
13
-5 (base 9) to base 13
-5
Convert -3 (base 5) to base 7.
-3
What is -3 (base 8) in base 13?
-3
What is 1 (base 5) in base 15?
1
Convert -2 (base 5) to base 13.
-2
What is 3 (base 12) in base 10?
3
What is 264 (base 11) in base 7?
624
Convert -22 (base 7) to base 16.
-10
Convert 1 (base 11) to base 4.
1
Convert 12 (base 4) to base 13.
6
-24 (base 9) to base 10
-22
What is 31 (base 9) in base 2?
11100
Convert 1 (base 8) to base 13.
1
Convert -1 (base 13) to base 16.
-1
Convert 1 (base 4) to base 2.
1
What is 1000 (base 2) in base 10?
8
What is a8 (base 14) in base 15?
9d
-134 (base 9) to base 15
-77
-12 (base 8) to base 11
-a
Convert -320 (base 5) to base 14.
-61
Convert 11 (base 3) to base 11.
4
Convert 220 (base 3) to base 6.
40
Convert -10001 (base 2) to base 10.
-17
Convert -2 (base 11) to base 10.
-2
What is b5 (base 14) in base 8?
237
Convert -4c (base 13) to base 10.
-64
-6 (base 8) to base 13
-6
Convert -1a (base 13) to base 9.
-25
Convert -13 (base 11) to base 13.
-11
What is 8 (base 13) in base 7?
11
What is -2 (base 16) in base 14?
-2
What is 1101 (base 2) in base 8?
15
What is -81 (base 14) in base 8?
-161
What is 9 (base 14) in base 8?
11
What is 9 (base 15) in base 4?
21
2 (base 5) to base 4
2
Convert 1 (base 3) to base 8.
1
3 (base 11) to base 3
10
Convert 0 (base 15) to base 8.
0
-2 (base 11) to base 7
-2
-55 (base 7) to base 12
-34
Convert 110110 (base 2) to base 3.
2000
What is 337 (base 9) in base 12?
1b1
What is 9 (base 10) in base 2?
1001
What is a9 (base 14) in base 3?
12112
22 (base 7) to base 5
31
What is 4 (base 8) in base 6?
4
11001000 (base 2) to base 16
c8
Convert 20222 (base 3) to base 12.
138
-512 (base 6) to base 10
-188
1 (base 3) to base 13
1
What is 34 (base 8) in base 4?
130
What is -3 (base 15) in base 7?
-3
What is 20 (base 3) in base 12?
6
-5 (base 9) to base 14
-5
What is -421 (base 8) in base 11?
-229
74 (base 8) to base 12
50
0 (base 15) to base 4
0
Conv